6)/d)/(2/20). List the prime factors of ((-52)/6)/(z/6).
13
Let h be 0*(-1*2)/(-2). Suppose -2*n + 3*q + q = -14, h = 2*n + 2*q - 8. Suppose -3*j - n*t + 17 = 0, 6*j - 3*j = 2*t + 10. What are the prime factors of j?
2
Let m(f) = -5*f + 6 + 9*f**2 + 4 - f**3 - 3*f + 2. List the prime factors of m(8).
2, 3
Let r(u) = u**2 - u + 3 - 3. Let d = 9 + -5. List the prime factors of r(d).
2, 3
Suppose 0 = t - 2 + 1, 5*t = -2*d + 95. Suppose 4*r + 79 = 2*z - 11, d = z - r. List the prime factors of z.
3, 5
Suppose 2*x - 68 = -0*x. What are the prime factors of x?
2, 17
Let n(c) = c**2 - 3*c + 1. Let d be n(4). Suppose 5*p + 10 = -d. List the prime factors of (p/(-2))/(1/4).
2, 3
Suppose x + 10 = 4. Let y = 17 + x. What are the prime factors of y?
11
Let m(s) = 40*s**3 + s + 1. Let z be m(-1). Let w be (-384)/z - (-2)/5. What are the prime factors of w/5 + 0 + 4?
2, 3
Suppose 0 = -o - 3*f + 101, 2*o - 196 = -2*f - f. What are the prime factors of o?
5, 19
Let z(d) = -2*d - 17. Suppose -5 = -5*n - 0. Let x(w) = 1. Let t(i) = n*z(i) + 6*x(i). What are the prime factors of t(-10)?
3
Suppose -3*k + 4*q - 6*q - 41 = 0, 0 = 4*k - 4*q + 48. Let x = -77 - -53. Let a = k - x. What are the prime factors of a?
11
Let u(r) = 2*r**2 - 8*r + 6. List the prime factors of u(4).
2, 3
Let o = 25 - 15. What are the prime factors of 8/(-5)*o/(-4)?
2
Let n = 3 + -3. Suppose b + b - 4 = n. Suppose 2*a = 5*q + 4, 0 = -5*a + 3*a + b*q + 16. What are the prime factors of a?
2, 3
Let f be 16 - 0/(1 - 3). Let p = f + -10. List the prime factors of p.
2, 3
Let k be (-30)/(-9)*-3 - 1. Let b be (-3)/6 + k/(-2). Suppose -f - b*r + 3 = f, -4*r - 48 = -4*f. What are the prime factors of f?
3
List the prime factors of (-20)/(4/(-8)*4).
2, 5
Suppose 3*b + 3*o = o - 21, -o = 0. Let j = -9 - b. Let t = j + 4. List the prime factors of t.
2
Let h = -2 + 1. What are the prime factors of 1 + (0 - h) + 37?
3, 13
Suppose -k = h - 3, 4*h + 2 = -3*k + 16. List the prime factors of h.
5
Let m be 1/3*3*3. Suppose c = 2, 48 = 3*l - l - m*c. List the prime factors of l.
3
Let f be (1 - -6)*(-1 - 0). Let d = 16 + f. List the prime factors of d.
3
Suppose -5*n - 2*d + 10 = 2, 4*n - 5*d - 13 = 0. Let p(q) = -q**3 - 2*q**2 + 3*q - 2. Let s be p(n). Let w = -5 - s. What are the prime factors of w?
7
Suppose 4*h + 4 = -16. Let b be h/(15/(-6)) - -2. Suppose 3*l = 3*n - 57, -2*n - 3*n = b*l - 104. What are the prime factors of n?
2, 5
Let n = 173 + -106. List the prime factors of n.
67
Suppose -615 = -5*y - 3*b - 2*b, 4*b = 12. List the prime factors of y.
2, 3, 5
Let j(w) = 2*w**2 + 2*w - 4. Let q be j(-3). Suppose 2*o - 10 = q. Suppose 4*u + o - 33 = 0. What are the prime factors of u?
2, 3
Let y = -16 - -11. Let z be ((-14)/6)/(2/(-12)). List the prime factors of 4/y*(-1 - z).
2, 3
Suppose -9*q = 3*q - 1044. What are the prime factors of q?
3, 29
Suppose 4*s = s - 423. What are the prime factors of s/(-4) - (-12)/16?
2, 3
Let w = -6 + 15. List the prime factors of 42/2 + w/(-3).
2, 3
Suppose 4*b + 21 = o, -2*o - 4*b = -0*o + 6. Suppose 78 = -m + 2*m. Suppose m = o*k + 18. List the prime factors of k.
2, 3
Let a(g) be the second derivative of -g**3/6 + 3*g**2/2 + 2*g. Let r be a(7). List the prime factors of (2/(-6))/(r/108).
3
Suppose -4*f + 194 = 54. Suppose 3*m + 3*z = 48 + 39, -m - 3*z = -f. List the prime factors of m.
2, 13
Let k = -76 + 127. List the prime factors of k.
3, 17
What are the prime factors of (-50)/6*54/(-30)?
3, 5
Let u = -18 + 20. Suppose -74 = u*j - 4*j. List the prime factors of j.
37
Suppose 3 = t - 4*d, -4*t = -2*d + 5*d + 45. What are the prime factors of t/5*(-80)/24?
2, 3
Suppose 5*p - 187 + 40 = -2*t, -3*p + 320 = 5*t. List the prime factors of t.
61
Let p = 7 + -3. Suppose -5*o = 4*j - 6*j - 8, p*o = 16. What are the prime factors of j?
2, 3
Let a(k) be the third derivative of -k**5/60 + 5*k**4/12 + k**3/6 + k**2. List the prime factors of a(8).
17
Let f(n) = 36*n - 16. List the prime factors of f(2).
2, 7
Let p(a) be the third derivative of -a**6/120 - a**5/12 - a**4/12 - 4*a**3/3 - 7*a**2. What are the prime factors of p(-6)?
2, 5
Let n(d) = d**3 - 6*d**2 + 2*d + 0 + 5 + 1. Let h be n(6). Let i = h + -9. What are the prime factors of i?
3
Let a(v) = 6*v**3 + 2*v**2 - 1. Let o(t) = t**3 - t**2. Let f(z) = a(z) + 2*o(z). What are the prime factors of f(1)?
7
List the prime factors of -2 - (-107)/2 - (-3)/6.
2, 13
Suppose -4*x = -z + 24, 0 = -3*z - x + 2*x + 17. What are the prime factors of (2/z)/((-2)/(-92))?
23
Let d(o) = 2*o**3 - o + 1. Let y be d(1). Suppose -y*t - t = -84. What are the prime factors of t?
2, 7
Let x be (-1)/(26/(-14) + 2). What are the prime factors of (4 + x)/(3/(-8))?
2
Suppose 3*w - 30 = -6. Let n(t) = -t**3 + 5*t**2 + 3. Let l be n(5). Let v = w - l. What are the prime factors of v?
5
Suppose l = -l + 4. Let c be (4 - (-1 - -3)) + l. Suppose -j = 3*k - k - 19, -29 = -c*k + j. What are the prime factors of k?
2
Suppose -5*h = -4*h - 29. Suppose -4*y + 4*j = 36, j - 2*j + h = -3*y. What are the prime factors of 3/(-9) + y/(-3)?
3
Suppose -p - 4*p = -5*i - 10, -3 = -3*i. Suppose -4*c - p*q = 52, -3*c - 18 = q - 4*q. Let b = c + 24. What are the prime factors of b?
2, 7
Suppose 6 = 3*u, 5*r = -0*r - 2*u + 174. Suppose -3*c + r = -2*c. List the prime factors of c.
2, 17
List the prime factors of (75/20)/((-9)/(-384)).
2, 5
Let h = 4 - -3. List the prime factors of h.
7
Suppose -3*t = 0, 2*k - t + 240 - 608 = 0. Suppose -3*j + 7*j = -k. Let c = j - -67. List the prime factors of c.
3, 7
Suppose 5*x + 8 - 58 = 0. Suppose 5*j - 60 = -x. Suppose -4 = -2*z + j. What are the prime factors of z?
7
Let t be 430/8 + 1/4. Suppose -4*p + 26 = 5*o - t, -2*o + 30 = 2*p. What are the prime factors of o?
2, 5
What are the prime factors of (17/(-3))/(-2 + (-5)/(-3))?
17
Suppose 0*g + 36 = -4*g. What are the prime factors of (-2)/g - (-1926)/81?
2, 3
Let p be (1/(-3))/((-1)/285). What are the prime factors of (p/(-20))/(1/(-4))?
19
Suppose -2*q + 2*g = 3*q - 303, -q + 56 = -5*g. Suppose -3*t = -d - q, 3*d - 8*d = t - 15. Suppose h = 3*h - t. List the prime factors of h.
2, 5
Let r be (-4)/(-22) + (-10)/55. Suppose r = t - 7 - 3. What are the prime factors of t?
2, 5
Suppose -2*r - 3*k = 0, 0*k - 15 = 3*r - 3*k. Let s = 36 - r. List the prime factors of s.
3, 13
Suppose -q + 4*q = -4*i - 25, 2*q - 5*i = -32. Let l = q + 15. Suppose -2*k + 12 = l*y, 3*k + 4*y = 9 + 9. What are the prime factors of k?
2, 3
Let p(l) = -120*l**3 - 2*l**2 - 2*l. List the prime factors of p(-1).
2, 3, 5
Suppose 4*c - 8 = -0*c. Let n be (-3)/15*c*-5. Suppose -t + n*t + 7 = -4*j, 0 = -4*j - 12. List the prime factors of t.
5
Let s(n) = -10*n + 3. List the prime factors of s(-5).
53
Suppose 2*f + 2*t - 4 = 0, 5*f - 5*t + 24 - 74 = 0. Let d = 4 + f. Suppose 2*s = d + 2. List the prime factors of s.
2, 3
Let u(i) = -i**3 - 4*i**2 + 4*i + 4. Let l be u(-5). Suppose -10 = -x + 7. Let j = x - l. What are the prime factors of j?
2
Let t = 7 + -3. Let p be 453/(-12) - t/16. List the prime factors of p*(6/(-4) + 1).
19
Suppose -4*g + 9 = 3*s, g - 9 = -6*s + 3*s. Suppose 24 = -g*j + 3*j. What are the prime factors of j?
2
Let f(m) = 82*m**3 + 3*m**2 - 3*m + 1. List the prime factors of f(1).
83
List the prime factors of (-36)/48 + 94/8.
11
Suppose -11*j + 602 = -4*j. What are the prime factors of j?
2, 43
What are the prime factors of (-849)/(-11) - 2/11?
7, 11
Let n = 27 - -2. Suppose m - 2 - 2 = 0. Suppose -o = -r + m*o + n, r - 2*o - 14 = 0. What are the prime factors of r?
2
Let q(h) be the second derivative of h**4/12 - 13*h**3/6 + 15*h**2/2 - h. List the prime factors of q(12).
3
Let q(o) = o**3 - 3*o**2. Let y(m) = m - 4. Let s be y(8). Let z be q(s). Suppose -2*r - 4*n + 4 = 0, n = -0*r - 2*r + z. What are the prime factors of r?
2, 5
Suppose 208 = 4*i - 144. Let z be i/32 + (-1)/(-4). Suppose 0 = 5*c + 15, 0*h - z*h = 3*c - 57. List the prime factors of h.
2, 11
Suppose -2*t + 305 = 4*c - t, -2 = -2*t. Suppose c = -u + 3*u. What are the prime factors of u?
2, 19
Let f = 4 + 0. Suppose 4*u = -f*r + 24, 2*r + u - 20 = -3*u. What are the prime factors of r?
2
List the prime factors of ((-108)/8)/(12/(-16)).
2, 3
Suppose -3*z + 3 = -9. Suppose -5*u + 0 = -2*w + 33, -4*u - 36 = -z*w. What are the 